{"id":4307,"date":"2022-11-15T17:16:26","date_gmt":"2022-11-15T16:16:26","guid":{"rendered":"https:\/\/lacompro.net\/?post_type=product&#038;p=4307"},"modified":"2023-02-21T18:53:44","modified_gmt":"2023-02-21T17:53:44","slug":"horno-microondas-g-030-mw","status":"publish","type":"product","link":"https:\/\/lacompro.net\/es\/producto\/horno-microondas-g-030-mw\/","title":{"rendered":"HORNO MICROONDAS (G-030\/MW)"},"content":{"rendered":"<p>Se utiliza para calentar\/secar los materiales mediante radiaci\u00f3n electromagn\u00e9tica lo que produce que la mol\u00e9culas polarizadas roten y acrecienten la energ\u00eda t\u00e9rmica.<\/p>\n<ul>\n<li>Proporciona calor r\u00e1pido y eficiente.<\/li>\n<\/ul>\n<span class=\"et_bloom_bottom_trigger\"><\/span>","protected":false},"excerpt":{"rendered":"<p>HORNO MICROONDAS (G-030\/MW)<\/p>\n","protected":false},"featured_media":4308,"comment_status":"closed","ping_status":"closed","template":"","meta":{"_et_pb_use_builder":"","_et_pb_old_content":"","_et_gb_content_width":""},"product_brand":[],"product_cat":[44],"product_tag":[],"class_list":{"0":"post-4307","1":"product","2":"type-product","3":"status-publish","4":"has-post-thumbnail","6":"product_cat-general","8":"first","9":"instock","10":"shipping-taxable","11":"product-type-simple"},"_links":{"self":[{"href":"https:\/\/lacompro.net\/es\/wp-json\/wp\/v2\/product\/4307","targetHints":{"allow":["GET"]}}],"collection":[{"href":"https:\/\/lacompro.net\/es\/wp-json\/wp\/v2\/product"}],"about":[{"href":"https:\/\/lacompro.net\/es\/wp-json\/wp\/v2\/types\/product"}],"replies":[{"embeddable":true,"href":"https:\/\/lacompro.net\/es\/wp-json\/wp\/v2\/comments?post=4307"}],"wp:featuredmedia":[{"embeddable":true,"href":"https:\/\/lacompro.net\/es\/wp-json\/wp\/v2\/media\/4308"}],"wp:attachment":[{"href":"https:\/\/lacompro.net\/es\/wp-json\/wp\/v2\/media?parent=4307"}],"wp:term":[{"taxonomy":"product_brand","embeddable":true,"href":"https:\/\/lacompro.net\/es\/wp-json\/wp\/v2\/product_brand?post=4307"},{"taxonomy":"product_cat","embeddable":true,"href":"https:\/\/lacompro.net\/es\/wp-json\/wp\/v2\/product_cat?post=4307"},{"taxonomy":"product_tag","embeddable":true,"href":"https:\/\/lacompro.net\/es\/wp-json\/wp\/v2\/product_tag?post=4307"}],"curies":[{"name":"wp","href":"https:\/\/api.w.org\/{rel}","templated":true}]}}

<p>Se utiliza para calentar/secar los materiales mediante radiación electromagnética lo que produce que la moléculas polarizadas roten y acrecienten la energía térmica.</p>
<ul>
<li>Proporciona calor rápido y eficiente.</li>
</ul>
<span class="et_bloom_bottom_trigger"></span>
