{"id":4354,"date":"2022-11-15T20:01:11","date_gmt":"2022-11-15T19:01:11","guid":{"rendered":"https:\/\/lacompro.net\/?post_type=product&#038;p=4354"},"modified":"2023-02-23T11:24:43","modified_gmt":"2023-02-23T10:24:43","slug":"balanza-de-plataforma-eb","status":"publish","type":"product","link":"https:\/\/lacompro.net\/es\/producto\/balanza-de-plataforma-eb\/","title":{"rendered":"BALANZA DE PLATAFORMA (EB)"},"content":{"rendered":"<ul>\n<li>El armaz\u00f3n y dise\u00f1o del equipo es s\u00f3lido y fuerte.<\/li>\n<li>La balanza tiene la opci\u00f3n de tarado.<\/li>\n<li>Disponible en 3 tipos seg\u00fan su capacidad y legibilidad. (60 kg \/ 150 kg \/ 300 kg)<\/li>\n<\/ul>\n<span class=\"et_bloom_bottom_trigger\"><\/span>","protected":false},"excerpt":{"rendered":"<p>El armaz\u00f3n y dise\u00f1o del equipo es s\u00f3lido y fuerte. La balanza tiene la opci\u00f3n de tarado. Disponible en 3 tipos seg\u00fan su capacidad y legibilidad. (60 kg \/ 150 kg \/ 300 kg)<\/p>\n","protected":false},"featured_media":4355,"comment_status":"closed","ping_status":"closed","template":"","meta":{"_et_pb_use_builder":"","_et_pb_old_content":"","_et_gb_content_width":""},"product_brand":[],"product_cat":[44],"product_tag":[],"class_list":{"0":"post-4354","1":"product","2":"type-product","3":"status-publish","4":"has-post-thumbnail","6":"product_cat-general","8":"first","9":"instock","10":"shipping-taxable","11":"product-type-simple"},"_links":{"self":[{"href":"https:\/\/lacompro.net\/es\/wp-json\/wp\/v2\/product\/4354","targetHints":{"allow":["GET"]}}],"collection":[{"href":"https:\/\/lacompro.net\/es\/wp-json\/wp\/v2\/product"}],"about":[{"href":"https:\/\/lacompro.net\/es\/wp-json\/wp\/v2\/types\/product"}],"replies":[{"embeddable":true,"href":"https:\/\/lacompro.net\/es\/wp-json\/wp\/v2\/comments?post=4354"}],"wp:featuredmedia":[{"embeddable":true,"href":"https:\/\/lacompro.net\/es\/wp-json\/wp\/v2\/media\/4355"}],"wp:attachment":[{"href":"https:\/\/lacompro.net\/es\/wp-json\/wp\/v2\/media?parent=4354"}],"wp:term":[{"taxonomy":"product_brand","embeddable":true,"href":"https:\/\/lacompro.net\/es\/wp-json\/wp\/v2\/product_brand?post=4354"},{"taxonomy":"product_cat","embeddable":true,"href":"https:\/\/lacompro.net\/es\/wp-json\/wp\/v2\/product_cat?post=4354"},{"taxonomy":"product_tag","embeddable":true,"href":"https:\/\/lacompro.net\/es\/wp-json\/wp\/v2\/product_tag?post=4354"}],"curies":[{"name":"wp","href":"https:\/\/api.w.org\/{rel}","templated":true}]}}

<ul>
<li>El armazón y diseño del equipo es sólido y fuerte.</li>
<li>La balanza tiene la opción de tarado.</li>
<li>Disponible en 3 tipos según su capacidad y legibilidad. (60 kg / 150 kg / 300 kg)</li>
</ul>
<span class="et_bloom_bottom_trigger"></span>

<p>El armazón y diseño del equipo es sólido y fuerte. La balanza tiene la opción de tarado. Disponible en 3 tipos según su capacidad y legibilidad. (60 kg / 150 kg / 300 kg)</p>
